.
2, 3, 5
Let j(w) = -2*w + 1. Let t be j(-2). Suppose -f = -t*f + 120. List the prime factors of f.
2, 3, 5
Let d(q) = 9*q**2 + 2*q - 1. Let i be d(2). Let u = i + 4. List the prime factors of u.
43
Let f = -84 - -124. Let m = f + 164. Suppose -2*q + 3*s = -110, -2*s = -2*q - 2*q + m. List the prime factors of q.
7
What are the prime factors of (-10560)/(-312) - (-4)/26 - 5?
29
Suppose 2*f = -0 + 16. Suppose 0 = -b - 4*j + f*j + 114, -2*j + 314 = 3*b. List the prime factors of b.
2, 53
Suppose 377*c + 64112 = 393*c. What are the prime factors of c?
4007
Let u(t) = -t**3 + 6*t + 171. Let x(v) = v**3 - 12*v**2 - 27*v - 14. Let i be x(14). List the prime factors of u(i).
3, 19
Suppose -2*k + 10 + 0 = 0. Suppose -4*p = 3*u - p - 3, k*p = 3*u - 19. Let i = u + 18. What are the prime factors of i?
3, 7
Let t = 1580 - 1126. What are the prime factors of t?
2, 227
Suppose -5*x = -5*o - 4697 + 14682, 4002 = 2*o - 4*x. What are the prime factors of o?
1993
Suppose 0 = 3*r - 15 + 57. Let g = 142 + r. List the prime factors of g.
2
Suppose 5*f = -5*v + 10, -2*v = -f - f - 12. Suppose -o - 4*i - 341 = -v*o, -4*i = -5*o + 571. List the prime factors of o.
5, 23
Let s be ((-37)/4 + 5)*-4. Let m(q) = -2*q**3 + q + 1. Let k be m(-2). Let b = s - k. List the prime factors of b.
2
Let j be (-6)/(-30) - 237/(-15). Let l(k) = -j - 3*k**2 - 2 - 1 + 4*k**2 - 10*k. What are the prime factors of l(15)?
2, 7
Suppose -s - 2*p - 7 = -2*s, -20 = 4*s + 4*p. Let z = 53 + -50. Let y = z - s. What are the prime factors of y?
2
Let k be -57*-2*(-4)/(-8). Let y(c) = c + 8. Let f be y(-15). Let w = f + k. List the prime factors of w.
2, 5
Let f(n) = -78*n**3 - 2*n**2 - n. Let o be f(-1). Let u = o - 23. List the prime factors of u.
2, 3
Let d(a) = -15 + 2*a**2 - 20*a**3 + 19 + 19*a**3 + 3*a. Let v = 0 - 3. What are the prime factors of d(v)?
2, 5
Let z be (-66)/(-10) + (-9)/15. Let m be 137/6 - (-1)/z. Suppose 3*y - 4*p = m, 0 = -4*y - 4*p + p + 64. List the prime factors of y.
13
Let l(z) = -2*z**2 - 4*z - 11. Let s be l(-4). Let q = 89 + s. What are the prime factors of q?
2, 31
Suppose -1260 = -4*x + 2*j, 0*x - j = -5*x + 1578. List the prime factors of x.
2, 79
Let l(r) = 5*r**3 - r**2 - r - 1. Suppose -4*p + 5*w = 14, -5*p + 0*w = 4*w - 3. Let g be l(p). What are the prime factors of 94/6 + (-2)/g?
2
Let v(s) = -5*s**2 + 3. Let y(a) = -11*a**2 + a + 5. Let z(b) = 13*v(b) - 6*y(b). Let u be z(5). List the prime factors of (-282)/u*(-4)/6.
47
Suppose 0 = 4*d - 6*d + 5*a + 885, 4*d - 2*a = 1746. List the prime factors of d.
3, 5, 29
Let p = 1270 - 1044. List the prime factors of p.
2, 113
Suppose 5*n + 1180 = 5*x, -7*n = 5*x - 3*n - 1153. List the prime factors of x.
233
Let x(o) = -o**2 - 4*o + 4. Let g be x(2). Let k be (g/6)/((-6)/9). What are the prime factors of 1*((-8)/k - -23)?
19
What are the prime factors of 7*14/49*163?
2, 163
Let r be (1/(-3))/((-8)/72). Suppose -2*t + r = -t. Suppose -t*d = 2*j - 5, 0 = -3*d + 6*j - 2*j + 35. List the prime factors of d.
5
Let r(a) = 55*a - 420. What are the prime factors of r(16)?
2, 5, 23
Suppose 0 = -4*o - 3 + 19. Suppose 5*d - 5*p = 120, 86 = -0*d + o*d - 2*p. List the prime factors of d.
19
Let a = -4 + 7. Let m(r) = 8*r + 0 - 3 + 3 - 4. List the prime factors of m(a).
2, 5
Let o be -4 + (-4)/8*-12. List the prime factors of 3 + (193 - (24/4 - o)).
2, 3
Let i be -27*2*(-8)/12. Suppose 37*w = 39*w + 24. Let y = w + i. List the prime factors of y.
2, 3
Suppose 19 = -2*o + 197. Let b = o + -56. What are the prime factors of b?
3, 11
Let n = -132 + 364. Suppose -n = -3*y + y. Suppose 82 + y = 6*x. List the prime factors of x.
3, 11
Let p(t) = -3*t - 13. Let a(z) = -z - 4. Let c(j) = 8*a(j) - 3*p(j). Let v be c(-5). What are the prime factors of 72/8*(v + -1)?
3
Suppose 2537 = 2*c + 361. What are the prime factors of c?
2, 17
Suppose 875 = 19*y - 5300. What are the prime factors of y?
5, 13
Suppose 2*z = f + 10 + 109, 3*f = 4*z - 233. Suppose -4*x = 18 - z. What are the prime factors of x?
11
Let v = -120 - -133. What are the prime factors of v?
13
Let g(w) = w**3 - w**2 + 2*w - 4. Let j be g(0). Let a = 0 - j. Suppose 0 = a*f - 51 - 69. What are the prime factors of f?
2, 3, 5
Let n = -3887 + 8567. List the prime factors of n.
2, 3, 5, 13
Let a be (((-8)/6)/(-2))/((-4)/24). What are the prime factors of 79*5/((-10)/a)?
2, 79
Let j = -8 - -7. Let m be 1 + (-12)/3 + j. List the prime factors of (m/6)/((-6)/126).
2, 7
Let p(z) = 4*z**2 + 2*z + 2. Let o be p(-1). Suppose o*n = 7*n - 12. Suppose -2*w + 38 = 2*c + c, -n*c - w + 59 = 0. What are the prime factors of c?
2
Suppose 33*c - 3 = 32*c. Suppose 0 = c*z + 19 - 340. What are the prime factors of z?
107
Let d(a) = a**3 + 11*a**2 + 11*a + 13. Let z be d(-10). Suppose z*w = -0*w + 204. Suppose w = 4*q - 72. List the prime factors of q.
5, 7
Let o be (11 + -17)*1/3. What are the prime factors of (-14*8 - o)/(-1)?
2, 5, 11
Let v = -910 - -1413. List the prime factors of v.
503
Let d = 12 + 42. What are the prime factors of d/27 + -1 + 26?
3
Suppose 0*g + 846 = -3*o - 2*g, -o + 2*g - 274 = 0. Suppose n + y - 15 = -5, -2*y = 4*n - 44. What are the prime factors of o/(-16)*n/7?
2, 3, 5
Let b(h) = 7*h - 2*h + 6 + h**2 - 2*h. Suppose 0*i - 3*i - 15 = 0. List the prime factors of b(i).
2
Let g be 2 - (50 - -2 - 0). What are the prime factors of (-1 - -4) + -1 - 750/g?
17
Let y(g) be the first derivative of 5*g**2/2 - 22*g - 6. What are the prime factors of y(12)?
2, 19
Suppose 7*y - 962 = -5*s, -5*y - 2*s + 3*s + 678 = 0. What are the prime factors of y?
2, 17
Suppose -217 = -3*v + 2*i - 29, 8 = -2*i. What are the prime factors of v?
2, 3, 5
Suppose 13*o - 14*o = -2450. What are the prime factors of o?
2, 5, 7
Let l = -109 + 106. List the prime factors of 7212/48 + l/(-4).
151
Let x(c) = 31*c. Let w be x(-1). Let d be (-2233)/49 - 8/(-14). Let t = w - d. List the prime factors of t.
2, 7
Let v = -8 + 4. Let b(d) = 6*d**2 - 3*d + 2. Let u be b(2). What are the prime factors of (-870)/u*v/6?
29
Suppose -6 = 2*r + 4*b + 14, 2*b = -3*r - 14. Let k = r + 6. Suppose k*n - 32 - 80 = 0. What are the prime factors of n?
2, 7
Suppose 0 = -4*s + 17*s - 117. Let p = s - -81. List the prime factors of p.
2, 3, 5
Let h = 66 + -61. Suppose 0 = 2*s - h*r - 218, 327 = 3*s + 2*r - 4*r. What are the prime factors of s?
109
Suppose -j - 7*u + 955 = -5*u, 0 = -4*u - 16. What are the prime factors of j?
3, 107
Suppose 4*y = -0*y + 32. Suppose 3*h = 5*x - 38, x + 0*x + y = -2*h. Let t(v) = -v**2 - 10*v - 7. List the prime factors of t(h).
17
Let q = 2979 + -1722. What are the prime factors of q?
3, 419
Let w = 1054 + -66. List the prime factors of w.
2, 13, 19
Let p(c) = 1. Let q(j) = -j - 24. Let z(w) = -6*p(w) - q(w). What are the prime factors of z(-10)?
2
Let b(g) = g**2 + g - 15. Suppose -2*y = 2*c + 4, 3*y = 2*c - 0*y + 19. What are the prime factors of b(c)?
5
Suppose 0 = 4*f - 2 - 14. Suppose 4*u - 11 = 5*x - 0, -8 = -3*u + f*x. Suppose o + 3*m - 29 = 0, 0 = o + m - u*m - 41. List the prime factors of o.
5, 7
Suppose 5*x - 2*x = -2*c + 3, 5*x = 3*c - 14. Suppose z + c*z - 3*n = 576, -2*n = -3*z + 433. What are the prime factors of z?
3, 7
Let g = -180 + 79. Let s = g - -196. What are the prime factors of s?
5, 19
Let x be (-19)/38*(0 + 0). Let y = 6 + -5. What are the prime factors of -3 + y*(x - -10)?
7
Suppose -12 = -3*i, -s + 5*s - 16 = -4*i. Suppose 3*c = -s*c - 3, 0 = -4*l + 4*c + 52. Suppose -17 = -h + l. What are the prime factors of h?
29
Let g(v) = 1615*v**2 - v + 1. Let b be g(-1). Suppose b = 9*h + 2*h. List the prime factors of h.
3, 7
Let b = 1831 - 520. List the prime factors of b.
3, 19, 23
Let y(h) = -h + 4. Suppose q = -3*q + 20. Suppose q*l - 2 = -42. List the prime factors of y(l).
2, 3
Let z(x) = x**2 + 4*x + 31. What are the prime factors of z(-18)?
283
List the prime factors of 4/(-5) + (-127091)/(-95).
7, 191
Let s(w) = w**2 + 14*w - 1. Let i be s(-14). Let o be i/((-2)/4)*-86. List the prime factors of 2/(-3 - 524/o).
43
Suppose t = -n - 1, 0 = -t + 4*n + 3 + 1. Suppose 0*q + 3*q = t. Suppose 3*u + 0*u - 66 = q. List the prime factors of u.
2, 11
Let u be ((16/10)/(-2))/(14/105). List the prime factors of ((-1169)/(-28)*6)/(u/(-4)).
167
Suppose 0 = r + 3*u - 0*u - 2437, 0 = -2